ose 0 = -4*v + r + 176. Is v prime?
False
Let l(y) = y**3 - 2*y**2 + 2*y. Suppose -2*u - 2*x = -10, -u - 2*u + 15 = 2*x. Let m be l(u). Let n = 154 - m. Is n composite?
True
Suppose 5*n = -447 + 1262. Is n a prime number?
True
Let t(x) be the third derivative of x**5/30 - 5*x**4/8 + x**3/3 - 4*x**2. Is t(11) a composite number?
False
Let g = 4 + -1. Is (1 - g)*(-15 - 4) a prime number?
False
Suppose -117*r + 3916 = -113*r. Is r prime?
False
Let m be 498 + 1/(3/6). Let r = -289 + m. Is r a composite number?
False
Suppose 4*d + 184 = 2*d. Let u = d - -237. Is u composite?
True
Let u(j) = 14*j**2 - j + 1. Let r(a) = a**2 - 5*a + 1. Let y be r(5). Is u(y) a composite number?
True
Suppose -a - 4*d + 127 + 31 = 0, 847 = 5*a + d. Let j = 24 + -49. Let i = a + j. Is i composite?
True
Let c = 6 - 2. Suppose -5*u = -c*u. Suppose u = -2*y - 2*y + 148. Is y prime?
True
Let h(z) = -2*z + 53. Is h(0) a composite number?
False
Suppose 4*y + 389 = 5*y. Is y a composite number?
False
Let p(g) be the first derivative of 3*g**4/4 - g**3/3 - 5*g**2/2 + 2*g - 3. Is p(3) a prime number?
True
Let v be 3 + (0/1)/(-2). Suppose -4*s = -v*z - 7, 4*s = -0*s - z + 19. Is s a composite number?
True
Suppose 2*p = 5*q - 11, -p = -3*p + q + 1. Suppose -15 = 5*j - p*j, 5*j - 390 = -5*h. Is h prime?
True
Let s(o) = -o**3 + 13*o**2 - 6*o - 13. Suppose 18 = 2*d - 3*u, -20 + 0 = -d - 4*u. Is s(d) a composite number?
False
Is -3 + (-485 + -3)*-4 prime?
True
Let p(z) = 2*z**2 + z + 10. Let s be p(7). Is -1 + (-3)/(-3) + s a composite number?
True
Suppose -23 + 5 = d + 5*w, -4*d + 3*w + 20 = 0. Suppose 0 = -5*y - 2*s - 22, -y - s + d = s. Let b = 9 - y. Is b prime?
False
Suppose 2*x + 6*g - 1370 = 5*g, 4*x - 2728 = g. Is x prime?
True
Let q be -65*(9/15 + -3). Suppose -332 - q = -4*u. Is u composite?
True
Let t be (-7 + 5)/(2/(-43)). Let w = 80 - t. Is w composite?
False
Suppose -x + 14 - 5 = 0. Suppose 0 + x = -h. Is ((-138)/4)/(h/18) a composite number?
True
Let o(g) = 63*g**2 - 13*g + 7. Is o(8) prime?
False
Let a = 1293 + -616. Is a composite?
False
Let d(m) = 4 + 3*m - 4. Is d(3) composite?
True
Suppose 0 = -5*n + 20, -5*v - 2*n + 2 = -31. Suppose 5*l - 3*s = 281, -v*l + 4*l + 63 = -4*s. Is l prime?
False
Suppose -k - 3313 = -9662. Is k composite?
True
Suppose 2*o + 514 = 4*o. Is o composite?
False
Suppose m + 6 = 3*b - 8, 2*m + 4 = 0. Suppose -38 = -5*c - 4*o, 0 = -0*c + c - b*o + 2. Suppose -g + c = 2*g. Is g a composite number?
False
Is 1046/7 + 3/(-7) prime?
True
Let v(m) = -m**3 + m**2 + m + 293. Is v(0) composite?
False
Is ((-8)/(-24))/(-2 - 417/(-207)) composite?
False
Is ((-2 - -3)/(-2))/((-9)/1602) a composite number?
False
Let o = 66 + 65. Is o prime?
True
Is 1829/9 + 2/(-9) composite?
True
Let s(i) = i + 2. Let z be s(0). Let p be z/(-6) - 80/12. Is (0 + -1)/(p/497) prime?
True
Suppose -8*k + 3*k = -48955. Is k composite?
False
Let f(g) = -222*g. Let d be f(-1). Let u(n) = 40*n**2 + 3*n + 2. Let m be u(-2). Suppose d = 4*j - 2*h, -h - m = -4*j + 61. Is j a prime number?
True
Let m = -4170 - -7519. Is m composite?
True
Let p be ((-86)/(-8))/(4/16). Suppose 2*j - 79 - p = 0. Suppose -2*k + 1 = -j. Is k a composite number?
False
Let y = -183 + 296. Is y a composite number?
False
Let x(v) = 2 + 21*v + 4 + 2 + 1. Let g be x(10). Let h = -130 + g. Is h a prime number?
True
Let w(p) = -p - 6. Let k be w(-8). Suppose 0 = -k*n + 19 + 95. Is n a prime number?
False
Let f be (-3)/(-6)*-4*-44. Suppose 6*k - 2*k = f. Is k a composite number?
True
Is (-186)/(-9) - 1/(-3) a prime number?
False
Let h(x) = -x - 2. Let c be h(-6). Is 213/c + (-4)/16 prime?
True
Let s = 50 - 153. Let r = s - -294. Is r a composite number?
False
Suppose 0 = -8*f - f + 2763. Is f prime?
True
Is 804 + 2 + -1 + 4/(-2) composite?
True
Suppose -10 = -2*i, 14 + 10 = -a + 4*i. Let r be ((-14)/(-4))/(a/8). Let g = r - -14. Is g a prime number?
True
Suppose -81 = -5*b - 3*h + 55, 5*h + 120 = 5*b. Let d be (b - -2)*(-2)/(-4). Is (-4)/d - 316/(-28) prime?
True
Suppose -k - 199 = -0*k - 2*o, -5*k - 1039 = o. Let y = 376 + k. Is y a prime number?
False
Let l(k) = 3*k - 3. Let v be l(3). Let s be v/(-10) - 15/(-25). Suppose s = -0*y - 3*y + 3*g + 18, 3*y = 4*g + 13. Is y prime?
True
Let u(n) = 444*n**2 + 4*n + 5. Is u(-1) a prime number?
False
Suppose h = -3*h + 16, -2*s - 4*h + 86 = 0. Let f be 6*3/6 + s. Is (2 + -3)*f/(-2) composite?
False
Let a be -3*(-2 + (-102)/9). Let m = -15 + a. Is m a prime number?
False
Let x(c) be the third derivative of -c**5/12 + 3*c**4/8 - c**3/2 + 2*c**2. Let u(j) be the first derivative of x(j). Is u(-8) composite?
False
Suppose 10 = -5*h, -4*x - 4*h - 153 = -493. Is x a prime number?
False
Suppose 2*g - 5*w = 583, -2*w - 1211 = -4*g - w. Suppose -2*o + g = 2*r - 0*r, -3*o - 438 = -3*r. Is r composite?
False
Let j = 827 - 270. Is j a prime number?
True
Suppose 34*y - 95 = 29*y. Is y a prime number?
True
Let r(g) = 174*g + 73. Is r(7) a composite number?
False
Suppose -c - 4*c + 5 = 0. Let v = -2 - c. Let y(g) = -g**3 + 2*g - 2. Is y(v) a prime number?
True
Let n = -1802 + 3984. Is n a prime number?
False
Is (3 + 0 + -1)*(-2 + 361) prime?
False
Let q be (-6)/(-8) + (-15)/(-12). Let a(h) = 370*h**2 - 3*h + 3. Is a(q) prime?
False
Suppose 0 = 2*i + z - 6032, -3*i + 1305 = 5*z - 7736. Is i prime?
False
Let v = -703 - -1171. Suppose 0 = -4*b + 168 + v. Is b composite?
True
Let t(w) = -22*w - 13. Is t(-12) a prime number?
True
Let b(c) = c**2 + 7*c - 7. Is b(7) prime?
False
Let r be 117 - (1 - (-3)/(-3)). Suppose -n + 2*t = 2*n - 8, 2*n + 16 = -4*t. Is n + r + (1 - -1) prime?
False
Suppose 5*j - 1245 = -5*g, 2*j + 2*g + g = 498. Is j a prime number?
False
Let c(t) = -4*t - 2. Let u be c(-2). Let k = 28 - u. Let g = k + -7. Is g a composite number?
True
Let c(t) = 10*t**3 + 10*t**2 - 14*t + 1. Is c(6) composite?
False
Let f(k) = -k**2 + 9*k - 10. Let m be f(10). Let z be 56/(-10) + 8/m. Is z/4*278/(-3) a composite number?
False
Let p be (0 + (-2 - 0))/1. Let y be (4/(p + 4))/1. Suppose -x + 236 = 3*l, 4*l + 4*x - 174 = y*l. Is l prime?
False
Let n(b) = -40*b. Let j be n(2). Is j/28*(-7)/2 composite?
True
Let j = 18 + -23. Is j/(2*(-3)/42) prime?
False
Let k = -5114 + 10549. Is k composite?
True
Let s(y) = 36*y + 1. Is s(7) composite?
True
Suppose 0 = -8*f + 17922 + 2950. Is f prime?
True
Let k(c) = -c**3 - 9*c**2 + c + 1 + 0 - 9*c. Let a be k(-8). Is a/4 + 422/8 composite?
False
Suppose 2*r + 197 = 1135. Is r a composite number?
True
Let a = 591 - 296. Let s = a + -104. Is s prime?
True
Is (3/3)/(-1)*-1895 composite?
True
Let g = 3744 - 2467. Is g prime?
True
Let s = 61 - 14. Suppose -2*l + s = -15. Is l prime?
True
Let d be 5/30 - (-14)/(-12). Is 262*d*4/(-8) prime?
True
Is 155/93 + (-17444)/(-6) composite?
False
Suppose 1587 - 7511 = -4*f. Is f a composite number?
False
Let l be -94*(1 - 2) - 3. Let v = 70 + l. Is v a prime number?
False
Let t(x) = -351*x + 7. Is t(-4) prime?
False
Let t = -39 + 5. Let v = t - -56. Is v prime?
False
Suppose 2 = -3*h - 2*t, 2*t + 0*t = -5*h + 2. Suppose h*j - 990 = -4*z, 3*j = 2*z - 162 - 345. Is z composite?
True
Let c(j) = 10*j**3 - 2*j + 1. Suppose -5*q - 3 = -8. Let l be c(q). Is 201*(-3)/(l/(-1)) prime?
True
Suppose -3*s - 3*n + 8*n = -104, 25 = 5*n. Is s a composite number?
False
Suppose 4*w + 3*c = 5596, -3*w + 1952 = -5*c - 2245. Is w a prime number?
True
Is (-815)/10*(-3 + 1) a prime number?
True
Suppose 40359 + 30920 = 13*q. Is q a composite number?
False
Let p = 147 - 67. Let s = 165 + p. Suppose 5*f - 165 = s. Is f a composite number?
True
Let z(g) = 5*g**2 + 8*g - 5. Is z(-10) prime?
False
Let o(c) = 2 + 2 + 2*c + 3*c**2 - 5 - 6*c**3. Suppose -2*j + n - 1 = -0, 9 = -3*j - n. Is o(j) prime?
False
Suppose 5*j - 3442 = -4*p + 2*p, 2*p - 3*j - 3410 = 0. Is p a prime number?
False
Let h(l) = -4*l**3 - 2*l**2 + 9*l + 1. Is h(-6) a composite number?
False
Suppose -u + 19 = 4*j, -3*u + 5 = 5*j - 17. Suppose -s - 3 = 0, j*x - s = s + 41. Is x a composite number?
False
Suppose -4 = -4*x + 20. Is 3 - x - (-122)/2 composite?
True
Is (-4)/18*-33*3 a prime number?
False
Let j be 1 - (0 + -1 + 2). Suppose 4*o - 4 = 4. Suppose -o*h + 3*h - 21 = j. Is h composite?
True
Suppose -5*x = 4*a + 23 - 526, -2*x = 2. Suppose 3*r = -i + a, 2*i + r - 177 = 82. Suppos